d - 42. Let k be r(-12). Let x = -163 - k. What are the prime factors of x?
13, 59
Let t(w) = 5*w**3 + 11*w**2 + 87*w - 62. List the prime factors of t(19).
39857
Suppose 0 = -2*h - 13*h + 45. Suppose -h*s = 2*i - 840, -3*i = s - 101 - 179. What are the prime factors of s?
2, 5, 7
Suppose -4*v + 40 = -4*c + 6*c, -5*c - 54 = -4*v. Let x = v - -19. List the prime factors of x.
2, 3, 5
Let v(z) = -18*z + 81. Let i be (1*7 - 1) + (-284)/71. List the prime factors of v(i).
3, 5
Let o be (-34)/(-1 - -2)*36/(-2). Suppose -o = 3*m + 3*s, -16 = -4*m + 5*s - 805. Let t = 295 + m. What are the prime factors of t?
2, 47
Suppose 97*o = 92*o + 10. Suppose 2*i = -o*a + 200, 21*a - 16*a = -3*i + 292. What are the prime factors of i?
2, 13
Suppose -4*b + 6017 = -m, 0 = 559*b - 563*b - 3*m + 6029. List the prime factors of b.
5, 7, 43
Let p be (5 - -1)*(0 - 1). Let r(m) = 20*m**2 - 28*m - 170. List the prime factors of r(p).
2, 359
Let x = -38 + 41. Suppose -3*s + x*p = 0, 0 = -2*s - 4*p + 2*p + 16. Suppose 1750 = -s*h + 11*h. List the prime factors of h.
2, 5
Suppose 3*f + 7 = -8. What are the prime factors of 171 + -1*(f + 1)?
5, 7
Suppose 21*z - 903981 = -50730. What are the prime factors of z?
41, 991
Suppose -91*x + 24*x + 935986 = -1475880. What are the prime factors of x?
2, 41, 439
Suppose -6*r + 50 - 7862 = 0. List the prime factors of ((-7)/(-2))/((-31)/r).
3, 7
Let u(z) = -217*z + 2123. List the prime factors of u(-61).
2, 3, 5
Suppose 0 = -4*u - 12, -4*u = -3*i + 156 - 1485. Let d = 8 - i. List the prime factors of d.
5, 7, 13
Let p(n) = 2*n - 3. Let i be p(2). Let o = -3107 + 3079. Let k = i - o. What are the prime factors of k?
29
Let p = -70683 - -99725. List the prime factors of p.
2, 13, 1117
Suppose 24*f - 920 = 26*f. Let t = f + 776. Suppose -9*k + 5*k = -t. List the prime factors of k.
79
Suppose -545 = -2*p - 2204 + 21169. List the prime factors of p.
5, 1951
Let t = 2050 - 3821. Let s be t/(-35) + 6/15. Let y = s - 31. What are the prime factors of y?
2, 5
Suppose 3*p = -2*z - 950 + 13321, -3*z - 2*p = -18544. What are the prime factors of z?
2, 3089
Let k be 10/(-85) + 117/(-17). Let z(s) = s**3 + 7*s**2 + 3. Let j be z(k). Suppose j*v - 6*y + y = 109, -3*v + 3*y = -117. What are the prime factors of v?
43
Let s = -4807 - 19868. What are the prime factors of (s/90 - 1/(-6))/(-1)?
2, 137
Let d = 34987 + 19649. List the prime factors of d.
2, 3, 29, 157
Suppose -4*n = -3*b - 86380, 2*b + 105702 = 5*n - 2273. List the prime factors of n.
5, 7, 617
Let z(w) = 2*w**2 - 24*w - 32. Let r be z(13). Let k(p) = -21*p + 57. Let n(y) = 20*y - 57. Let j(u) = -5*k(u) - 6*n(u). What are the prime factors of j(r)?
3, 7
Let h = -1841 + 1844. Suppose 2*b + 2*b + 3*m = -1772, 0 = -5*b - m - 2226. List the prime factors of h/(-2)*(b/6 + -3).
2, 29
Let q(u) = 9*u**3 + 23*u**2 - u + 22. List the prime factors of q(12).
2, 9437
Suppose -20*o + 23*o = -12*o + 2325. List the prime factors of o.
5, 31
Let x(h) = 2*h**3 - 19*h**2 - 11*h + 12. List the prime factors of x(17).
2, 5, 13
Suppose 99*x = 106*x. Suppose 4*g + 3*k = 296, -k + x*k = -2*g + 148. What are the prime factors of g?
2, 37
Let o be 2*5*(-5)/(-40)*4. Suppose -i + o = 7. List the prime factors of 62*(-4)/16*i.
31
Suppose 4388*x - 4408*x = -73160. What are the prime factors of x?
2, 31, 59
What are the prime factors of (2350 - 8/(-2)) + (-6)/1?
2, 587
Let f(j) = -j**3 - 35*j**2 + 85*j - 95. List the prime factors of f(-42).
19, 457
Suppose 2*h = 24025 + 19943. List the prime factors of h.
2, 3, 229
Let x(g) be the second derivative of 25*g**4/12 + 7*g**3/3 + 29*g**2 + 45*g + 2. What are the prime factors of x(-5)?
613
Let m(j) = -j**3 - 14*j**2 + 3*j - 30. Let o be m(-15). List the prime factors of 47/((-5)/o*-6).
5, 47
Suppose 0 = -14*l + 15*l - 24. Let a(f) = -11 - 48*f + l*f + 29*f. What are the prime factors of a(5)?
2, 7
Let k(w) = -279*w**2 - 8*w + 17. Let x(d) = 140*d**2 + 4*d - 8. Let z(o) = 3*k(o) + 7*x(o). List the prime factors of z(1).
2, 71
Suppose -a + 4*b - 2 = -0*b, 5*b + 40 = -3*a. Let p(d) = d**2 + 8*d - 3. Let m be p(-9). List the prime factors of (-4 + m - 1)/((-1)/a).
2, 5
Suppose 0 = 5*o + 3*w, -3*o + w + 15 = 1. Suppose q - 6 + o = 0. Suppose 0 = -q*d + 8 + 178. What are the prime factors of d?
2, 31
Suppose -4*z + 4087 = -2*j - 2271, z - 1587 = 3*j. Let a = 2351 - z. What are the prime factors of a?
761
Suppose 18 - 3 = 5*t. Suppose 0 = -t*o + 86 - 77. Suppose -o*r + 4*n = -260, 4*n = -4 - 4. List the prime factors of r.
2, 3, 7
Let x = 2018 + 6679. List the prime factors of x.
3, 13, 223
Let o = 6897 + -3093. What are the prime factors of o?
2, 3, 317
Suppose -4*n = 2*n - 54. Let k(i) = -i + 10. Let c be k(n). List the prime factors of (2 - c)/(-9)*3*-531.
3, 59
Let c = -114158 + 197224. What are the prime factors of c?
2, 41, 1013
Let b(r) = -r**2 + 8*r - 9. Let d be b(3). Let u be 0/(3/(9/d)). Suppose 24 = -u*y + y. What are the prime factors of y?
2, 3
Suppose -20*z = -5*t - 13*z + 48541, -z + 29161 = 3*t. List the prime factors of t.
2, 43, 113
Let l(t) = -3*t**2 - 38*t - 12. Let k be l(-5). Let r = 171 + k. What are the prime factors of r?
2, 137
Suppose -1028 = 5*x + 717. Let h = 540 + x. What are the prime factors of h?
191
Suppose 5*c + 44*s = 46*s + 155760, s - 31152 = -c. What are the prime factors of c?
2, 3, 11, 59
Suppose -14*n + 63922 = -22136. What are the prime factors of n?
3, 683
Let r = -1046 - -503. Let a = r - -1532. What are the prime factors of a?
23, 43
Let o(v) = -27*v**2 + 14*v - 20. Let n(c) = 14*c**2 - 7*c + 10. Let l(p) = 9*n(p) + 4*o(p). List the prime factors of l(5).
5, 17
Let f(d) = 4*d**2 - d**2 + 8044 + 4*d - 8035 + 2*d**2 + d**3. Let u be (2/1)/(1/(-2)). What are the prime factors of f(u)?
3
Suppose 0 = 6*t - 1662 - 2904. Let p = t + -450. List the prime factors of p.
311
Suppose -8*b + 21102 = -17186. What are the prime factors of b?
2, 2393
Let g be (3*-5)/((-18)/6). Suppose -3 = -j + m, g*j + 2*m - 15 = 3*m. Suppose 4*w = 69 + j. List the prime factors of w.
2, 3
Suppose -5 + 2 = -x. Let a = 175 + -103. Suppose x*i = a - 12. What are the prime factors of i?
2, 5
Let h be (34/4)/((-5)/550). Let o = -508 - h. What are the prime factors of o?
7, 61
Suppose -80*j = -75*j - 65. Suppose -1168 = -j*s - 3*s. List the prime factors of s.
73
Let z be (-10)/6*(2447 - 5). What are the prime factors of (-1 - -2)/((-5)/z)?
2, 11, 37
Suppose -36*n + 35*n = 14*u - 110775, -u + 7940 = 4*n. List the prime factors of u.
2, 23, 43
Suppose 71*p - 69*p = 6. Suppose 5*g - 52 = 2*j, -18*g + 48 = -13*g - p*j. List the prime factors of g.
2, 3
Let n(l) = -3063*l - 7333. List the prime factors of n(-14).
19, 1871
Let m = -20364 + 32473. List the prime factors of m.
12109
Suppose s + 2*i + 2*i = -108, -4*s - 5*i = 476. Let h = -22 - s. What are the prime factors of h?
2, 3, 17
Suppose -a + 32 = 4*d - 3*d, 96 = 3*a - d. What are the prime factors of 3/(-4) + 35576/a?
11, 101
Let q(z) = -z**3 - 3*z**2 + 5*z + 4. Let j be q(-4). Suppose -4*g + 8 = -j. Suppose -5*l = -5, -3*b + 213 = l + g*l. List the prime factors of b.
2, 5, 7
Suppose u + m - 9 = 0, -14 = -u - 0*m + 4*m. Suppose 3 = w - u. Suppose 620 = w*s - 3*s. List the prime factors of s.
2, 31
Let t = -3 + 6. Let m(x) = 11*x**3 - x + 2. What are the prime factors of m(t)?
2, 37
Suppose -9*j + 10*j - 57 = 0. Let r = j + 29. What are the prime factors of r?
2, 43
What are the prime factors of 897996/528 + 9/(-12)?
2, 5, 17
Let g = 115 - 111. Suppose i + 193 = 3*l, 0 = -8*l + g*l - 3*i + 279. What are the prime factors of l?
2, 3, 11
Let o be ((-2)/(-3))/(19/57). What are the prime factors of ((-459)/(-2) - o)*132/77?
2, 3, 5, 13
Let o be ((-20)/(-7))/((-28)/(-2842)). Let b = o - 267. List the prime factors of b.
23
Let c be 7/(-28) - (-2 + (-2)/8). Suppose c*s - s = -5*j + 2798, -2*j = 2*s - 1124. What are the prime factors of j?
13, 43
Let p = 102 - 93. List the prime factors of p/4 - 3 - (-2595)/20.
3, 43
Let b(m) = 583*m**2 + 3*m + 1. Let s be b(-1). Suppose 5*q = 12*q - s. List the prime factors of q.
83
Let f(p) = 603*p - 957. List the prime factors of f(7).
2, 3, 17
Let m(s) = -725*s - 18. Let g be m(1). Let c = -402 - g. List the prime factors of c.
11, 31
Let a(j) = 9*j**2 + 9*j + 7. Let b(z) = 4*z**2